2?
False
Is 2509118 a multiple of 82?
True
Is 293122318 a multiple of 1086?
False
Is 12325929 a multiple of 316?
False
Is 695939 a multiple of 3?
False
Does 1348 divide 879617180?
True
Is 68 a factor of 483324484?
True
Does 15 divide 818389741?
False
Does 72 divide 3063114432?
True
Is 4 a factor of 744702?
False
Is 2810527 a multiple of 101?
True
Does 4404 divide 32116772?
False
Is 35 a factor of 791950362?
False
Is 236649280 a multiple of 6496?
True
Is 17 a factor of 154521894?
False
Does 115 divide 5259661?
False
Is 12284930 a multiple of 28?
False
Is 8461945 a multiple of 2?
False
Does 60 divide 154474965?
False
Does 364 divide 1415886108?
True
Is 213253772 a multiple of 7?
False
Is 3 a factor of 51966743?
False
Is 1855336020 a multiple of 212?
True
Is 680505925 a multiple of 406?
False
Is 100 a factor of 253371300?
True
Does 1046 divide 66055946?
True
Is 252470520 a multiple of 27?
True
Does 2 divide 19603222?
True
Is 87739458 a multiple of 770?
False
Is 10216947 a multiple of 30?
False
Is 17 a factor of 1723279153?
False
Does 36 divide 46073177?
False
Does 1305 divide 83003982?
False
Is 66208844 a multiple of 52?
True
Is 77 a factor of 123804195?
False
Does 83 divide 34705890?
False
Does 423 divide 155426559?
False
Is 111961945 a multiple of 80?
False
Does 29 divide 270912539?
False
Is 10140109 a multiple of 1739?
True
Is 2797176 a multiple of 238?
False
Is 29147082 a multiple of 894?
True
Is 20353905 a multiple of 99?
True
Is 1030 a factor of 10047650?
True
Does 39 divide 2293972356?
True
Is 10 a factor of 147033492?
False
Is 41377006 a multiple of 11?
True
Is 761 a factor of 132667298?
False
Is 69 a factor of 217691102?
False
Does 113 divide 79202960?
False
Does 68 divide 12809772?
True
Is 62 a factor of 103130738?
True
Is 196 a factor of 8715140?
True
Is 420927478 a multiple of 1414?
False
Is 104 a factor of 214930021?
False
Does 38 divide 50930416?
False
Is 1208 a factor of 136144016?
True
Is 138 a factor of 192320664?
True
Is 24863580 a multiple of 853?
False
Is 107 a factor of 518523391?
True
Is 44 a factor of 13310352?
True
Is 109212286 a multiple of 7?
False
Is 18 a factor of 7427325?
False
Does 20 divide 170533331?
False
Does 632 divide 73312?
True
Is 124928760 a multiple of 31?
True
Is 545 a factor of 15456832?
False
Is 10360056 a multiple of 56?
True
Does 462 divide 2945117406?
True
Is 90196192 a multiple of 1361?
True
Is 264 a factor of 9211224?
True
Is 554 a factor of 874193164?
True
Is 84 a factor of 47034456?
True
Does 3485 divide 2821295703?
False
Is 436 a factor of 189066192?
False
Is 5 a factor of 144933305?
True
Does 5675 divide 625652242?
False
Is 929 a factor of 1890107169?
True
Does 90 divide 23035451?
False
Is 7 a factor of 363900666?
False
Is 38 a factor of 931944936?
False
Is 1088114486 a multiple of 291?
False
Is 18904143 a multiple of 151?
True
Is 8009 a factor of 1009262405?
False
Is 35115130 a multiple of 10?
True
Does 35 divide 55998145?
True
Is 619900876 a multiple of 3?
False
Is 273729260 a multiple of 290?
True
Is 41646971 a multiple of 79?
False
Is 3354678590 a multiple of 130?
False
Does 90 divide 349178400?
True
Is 634964385 a multiple of 640?
False
Does 1589 divide 345656939?
False
Is 207555673 a multiple of 3830?
False
Does 219 divide 16133159?
False
Is 17132008 a multiple of 1124?
True
Does 12 divide 466546680?
True
Is 6 a factor of 4088544?
True
Is 81 a factor of 1113626956?
False
Is 32 a factor of 4837590?
False
Does 10 divide 63911313?
False
Is 13 a factor of 46505706?
True
Does 291 divide 42303062?
False
Is 4128907 a multiple of 31?
False
Is 162 a factor of 96893952?
False
Is 54812858 a multiple of 1449?
False
Is 1274 a factor of 60446463?
False
Is 11155125 a multiple of 389?
False
Is 1127483780 a multiple of 3020?
True
Does 558 divide 99626184?
False
Does 886 divide 1349821392?
False
Is 1305235759 a multiple of 376?
False
Does 21 divide 20416018?
False
Is 718 a factor of 513209168?
True
Is 42359642 a multiple of 63?
False
Does 21 divide 813897?
True
Is 1962 a factor of 21815255?
False
Does 265 divide 17846690?
True
Does 66 divide 3229600?
False
Is 97 a factor of 89591819?
True
Is 47955297 a multiple of 14?
False
Is 43 a factor of 113788350?
False
Does 60 divide 18418459?
False
Does 93 divide 23759640?
True
Does 6 divide 198798?
True
Is 974983311 a multiple of 27?
True
Is 815 a factor of 1819322055?
True
Does 475 divide 10111702?
False
Is 67411787 a multiple of 320?
False
Does 51 divide 5469342?
True
Does 30 divide 437898338?
False
Does 2 divide 787034?
True
Does 50 divide 1199204628?
False
Is 4716633 a multiple of 1670?
False
Is 3070043403 a multiple of 49?
True
Is 2 a factor of 168430929?
False
Is 1198106144 a multiple of 48?
False
Is 9 a factor of 30017439?
True
Does 10015 divide 1968608490?
True
Is 266 a factor of 98517766?
False
Is 530 a factor of 322019122?
False
Is 100608730 a multiple of 3000?
False
Is 944 a factor of 108676771?
False
Does 31 divide 329609284?
False
Is 6175820 a multiple of 155?
True
Is 1283 a factor of 41511465?
True
Is 16163388 a multiple of 96?
False
Does 429 divide 741162570?
False
Is 43845420 a multiple of 792?
False
Does 5507 divide 2834193452?
False
Is 18 a factor of 417757217?
False
Is 10 a factor of 600543953?
False
Is 4 a factor of 60000608?
True
Is 334802334 a multiple of 7?
False
Is 115 a factor of 2040270359?
False
Is 66680740 a multiple of 316?
True
Is 169 a factor of 46237386?
True
Is 42630084 a multiple of 756?
True
Is 134 a factor of 92034224?
False
Does 156 divide 22784424?
True
Is 523884643 a multiple of 72?
False
Is 29 a factor of 516991358?
False
Does 50 divide 177580150?
True
Is 178050560 a multiple of 35?
False
Is 10575 a multiple of 705?
True
Is 63066397 a multiple of 217?
False
Is 25566588 a multiple of 159?
False
Is 4613638680 a multiple of 4923?
True
Is 581 a factor of 333330739?
True
Is 18151707 a multiple of 1285?
False
Is 1650092 a multiple of 1234?
False
Is 783515125 a multiple of 1955?
True
Does 198 divide 377586?
True
Does 682 divide 2406314922?
True
Is 1074161985 a multiple of 4485?
True
Is 621014070 a multiple of 15?
True
Is 1776372 a multiple of 12?
True
Is 1340 a factor of 13915900?
True
Is 12 a factor of 119054347?
False
Is 2329 a factor of 26632115?
True
Is 32403465 a multiple of 117?
False
Is 1054 a factor of 112531122?
False
Is 1363 a factor of 2014514?
True
Does 10 divide 1166248404?
False
Is 691 a factor of 206159850?
True
Is 635659906 a multiple of 1610?
False
Does 23 divide 209838363?
False
Is 146 a factor of 3886958?
True
Does 284 divide 125880784?
False
Does 281 divide 10298650?
True
Does 27 divide 251881555?
False
Does 188 divide 381173384?
True
Does 41 divide 764981649?
True
Is 12389536 a multiple of 1050?
False
Does 24 divide 38028313?
False
Does 749 divide 25399527?
False
Is 6303 a factor of 1266513791?
False
Is 34 a factor of 53062576?
True
Is 1236197274 a multiple of 36?
False
Does 34 divide 18410830?
True
Is 4 a factor of 39211959?
False
Is 8658028 a multiple of 1593?
False
Is 106 a factor of 3021908583?
False
Does 23 divide 238802148?
False
Is 3 a factor of 408945?
True
Does 95 divide 142822155?
False
Does 44 divide 3774614747?
False
Is 2101258 a multiple of 18?
False
Is 56285554 a multiple of 26?
True
Does 4 divide 94733432?
True
Is 367317080 a multiple of 2045?
False
Is 1219 a factor of 9532810?
False
Is 22546862 a multiple of 377?
True
Is 2087322 a multiple of 68?
False
Is 139 a factor of 96338728?
False
Does 815 divide 46450110?
True
Does 18 divide 2367565?
False
Does 4120 divide 63701613?
False
Is 984 a factor of 296137114?
False
Is 64821735 a multiple of 45?
True
Does 196 divide 30839255?
False
Is 11 a factor of 39942507?
True
Is 303564708 a multiple of 409?
True
Is 791 a factor of 751896915?
True
Is 116 a factor of 198587465?
False
Is 125029066 a multiple of 11?
False
Does 70 divide 119018690?
True
Is 2683 a factor of 190844088?
False
Is 37780589 a multiple of 68?
False
Is 1358798451 a multiple of 29?
True
Is 5 a factor of 92082088?
False
Is 2523719462 a multiple of 17?
True
Is 191896025 a multiple of 1475?
True
Is 320638394 a multiple of 13?
False
Is 23 a factor of 101887447?
True
Is 126 a factor of 47480958?
True
Is 1777046700 a multiple of 44?
True
Is 10 a factor of 4918470?
True
Is 5579890 a multiple o